1?
4091
What are the prime factors of 15576?
2, 3, 11, 59
What are the prime factors of 8847?
3, 983
What are the prime factors of 6871?
6871
List the prime factors of 16591.
47, 353
What are the prime factors of 2357?
2357
List the prime factors of 6747.
3, 13, 173
List the prime factors of 562.
2, 281
What are the prime factors of 1685?
5, 337
What are the prime factors of 3800?
2, 5, 19
What are the prime factors of 3126?
2, 3, 521
What are the prime factors of 19728?
2, 3, 137
List the prime factors of 3078.
2, 3, 19
List the prime factors of 78083.
113, 691
List the prime factors of 13159.
13159
List the prime factors of 997.
997
What are the prime factors of 21065?
5, 11, 383
What are the prime factors of 241?
241
List the prime factors of 1350.
2, 3, 5
What are the prime factors of 3580?
2, 5, 179
What are the prime factors of 4036?
2, 1009
List the prime factors of 268.
2, 67
List the prime factors of 74956.
2, 7, 2677
List the prime factors of 24424.
2, 43, 71
List the prime factors of 1231.
1231
What are the prime factors of 22550?
2, 5, 11, 41
List the prime factors of 53983.
37, 1459
What are the prime factors of 268?
2, 67
List the prime factors of 1193.
1193
List the prime factors of 1508.
2, 13, 29
List the prime factors of 762.
2, 3, 127
List the prime factors of 23154.
2, 3, 17, 227
List the prime factors of 850.
2, 5, 17
List the prime factors of 16043.
61, 263
List the prime factors of 10695.
3, 5, 23, 31
List the prime factors of 3458.
2, 7, 13, 19
List the prime factors of 13250.
2, 5, 53
List the prime factors of 34683.
3, 11, 1051
What are the prime factors of 20711?
139, 149
What are the prime factors of 48830?
2, 5, 19, 257
List the prime factors of 2124.
2, 3, 59
What are the prime factors of 7951?
7951
List the prime factors of 79703.
13, 6131
List the prime factors of 44898.
2, 3, 7, 1069
List the prime factors of 5977.
43, 139
What are the prime factors of 6218?
2, 3109
List the prime factors of 31385.
5, 6277
What are the prime factors of 6608?
2, 7, 59
List the prime factors of 3104.
2, 97
List the prime factors of 8158.
2, 4079
What are the prime factors of 11644?
2, 41, 71
What are the prime factors of 1953?
3, 7, 31
List the prime factors of 10384.
2, 11, 59
What are the prime factors of 24125?
5, 193
List the prime factors of 487.
487
List the prime factors of 37731.
3, 12577
List the prime factors of 21773.
21773
List the prime factors of 19103.
7, 2729
List the prime factors of 62.
2, 31
List the prime factors of 1234.
2, 617
List the prime factors of 36.
2, 3
What are the prime factors of 6564?
2, 3, 547
What are the prime factors of 53268?
2, 3, 23, 193
List the prime factors of 497.
7, 71
List the prime factors of 44338.
2, 7, 3167
List the prime factors of 1842.
2, 3, 307
What are the prime factors of 815?
5, 163
What are the prime factors of 73944?
2, 3, 13, 79
List the prime factors of 241.
241
What are the prime factors of 56626?
2, 23, 1231
What are the prime factors of 1013?
1013
List the prime factors of 25077.
3, 13, 643
What are the prime factors of 54942?
2, 3, 9157
List the prime factors of 141407.
7, 20201
List the prime factors of 980.
2, 5, 7
What are the prime factors of 7428?
2, 3, 619
List the prime factors of 36794.
2, 18397
List the prime factors of 14373.
3, 1597
List the prime factors of 1455.
3, 5, 97
List the prime factors of 6093.
3, 677
List the prime factors of 899.
29, 31
What are the prime factors of 13980?
2, 3, 5, 233
List the prime factors of 51216.
2, 3, 11, 97
What are the prime factors of 34284?
2, 3, 2857
List the prime factors of 4352.
2, 17
What are the prime factors of 874?
2, 19, 23
List the prime factors of 34586.
2, 17293
What are the prime factors of 66?
2, 3, 11
What are the prime factors of 602?
2, 7, 43
List the prime factors of 23439.
3, 13, 601
List the prime factors of 12178.
2, 6089
List the prime factors of 3385.
5, 677
What are the prime factors of 2285?
5, 457
List the prime factors of 16925.
5, 677
List the prime factors of 743.
743
What are the prime factors of 8429?
8429
List the prime factors of 19252.
2, 4813
What are the prime factors of 26316?
2, 3, 17, 43
What are the prime factors of 124?
2, 31
List the prime factors of 24660.
2, 3, 5, 137
What are the prime factors of 46367?
199, 233
List the prime factors of 8743.
7, 1249
List the prime factors of 13928.
2, 1741
List the prime factors of 965.
5, 193
What are the prime factors of 2941?
17, 173
What are the prime factors of 10882?
2, 5441
List the prime factors of 349.
349
What are the prime factors of 1198?
2, 599
List the prime factors of 1954.
2, 977
What are the prime factors of 6492?
2, 3, 541
List the prime factors of 5625.
3, 5
What are the prime factors of 59866?
2, 37, 809
What are the prime factors of 25057?
25057
List the prime factors of 4123.
7, 19, 31
List the prime factors of 50079.
3, 16693
List the prime factors of 22620.
2, 3, 5, 13, 29
What are the prime factors of 6805?
5, 1361
List the prime factors of 41306.
2, 19, 1087
List the prime factors of 80184.
2, 3, 13, 257
What are the prime factors of 25412?
2, 6353
List the prime factors of 402.
2, 3, 67
List the prime factors of 25678.
2, 37, 347
What are the prime factors of 2034?
2, 3, 113
What are the prime factors of 652?
2, 163
What are the prime factors of 4225?
5, 13
What are the prime factors of 1736?
2, 7, 31
List the prime factors of 16386.
2, 3, 2731
What are the prime factors of 3454?
2, 11, 157
What are the prime factors of 10682?
2, 7, 109
What are the prime factors of 949?
13, 73
List the prime factors of 1741.
1741
List the prime factors of 44692.
2, 11173
List the prime factors of 6634.
2, 31, 107
What are the prime factors of 20006?
2, 7, 1429
What are the prime factors of 8755?
5, 17, 103
What are the prime factors of 10187?
61, 167
What are the prime factors of 630?
2, 3, 5, 7
List the prime factors of 23816.
2, 13, 229
List the prime factors of 6279.
3, 7, 13, 23
List the prime factors of 13496.
2, 7, 241
What are the prime factors of 6004?
2, 19, 79
List the prime factors of 7986.
2, 3, 11
What are the prime factors of 3001?
3001
List the prime factors of 41667.
3, 17, 19, 43
What are the prime factors of 8981?
7, 1283
List the prime factors of 54497.
54497
List the prime factors of 1061.
1061
List the prime factors of 70325.
5, 29, 97
What are the prime factors of 3946?
2, 1973
What are the prime factors of 37821?
3, 7, 1801
What are the prime factors of 671?
11, 61
List the prime factors of 6518.
2, 3259
What are the prime factors of 77591?
77591
What are the prime factors of 1971?
3, 73
List the prime factors of 2272.
2, 71
List the prime factors of 9901.
9901
What are the prime factors of 132478?
2, 66239
What are the prime factors of 986?
2, 17, 29
List the prime factors of 380.
2, 5, 19
What are the prime factors of 2815?
5, 563
List the prime factors of 31319.
31319
What are the prime factors of 4601?
43, 107
What are the prime factors of 44127?
3, 4903
What are the prime factors of 180208?
2, 7, 1609
List the prime factors of 624.
2, 3, 13
What are the prime factors of 26762?
2, 13381
What are the prime factors of 11734?
2, 5867
List the prime factors of 14933.
109, 137
What are the prime factors of 10551?
3, 3517
List the prime factors of 6449.
6449
List the prime factors of 2176.
2, 17
List the prime factors of 5329.
73
What are the prime factors of 614?
2, 307
What are the prime factors of 391?
17, 23
List the prime factors of 367.
367
What are the prime factors of 758?
2, 379
What are the prime factors of 257?
257
What are the prime factors of 13924?
2, 59
What are the prime factors of 312?
2, 3, 13
List the prime factors of 3632.
2, 227
List the prime factors of 3486.
2, 3, 7, 83
List the prime factors of 4756.
2, 29, 41
What are the prime factors of 6466?
2, 53, 61
List the prime factors of 1825.
5, 73
What are the prime factors of 38068?
2, 31, 307
List the prime factors of 2503.
2503
What are the prime factors of 6860?
2, 5, 7
What are the prime factors of 34285?
5, 6857
List the prime factors of 99592.
2, 59, 211
List the prime factors of 17514.
2, 3, 7, 139
What are the prime factors of 26015?
5, 11, 43
What are the prime factors of 4810?
2, 5, 13, 37
What are the prime factors of 1